{"id":214,"date":"2020-01-27T17:14:03","date_gmt":"2020-01-27T17:14:03","guid":{"rendered":"https:\/\/cajadeacuarelas.com\/?page_id=214"},"modified":"2023-03-08T13:30:34","modified_gmt":"2023-03-08T13:30:34","slug":"clases","status":"publish","type":"page","link":"https:\/\/cajadeacuarelas.com\/?page_id=214","title":{"rendered":"Clases"},"content":{"rendered":"<p>[et_pb_section fb_built=\u00bb1&#8243; custom_padding_last_edited=\u00bbon|tablet\u00bb _builder_version=\u00bb4.16&#8243; custom_padding=\u00bb23px|||||\u00bb custom_padding_tablet=\u00bb0px||||false|false\u00bb custom_padding_phone=\u00bb\u00bb global_colors_info=\u00bb{}\u00bb][et_pb_row custom_padding_last_edited=\u00bbon|tablet\u00bb _builder_version=\u00bb4.16&#8243; custom_padding_tablet=\u00bb0px||||false|false\u00bb custom_padding_phone=\u00bb\u00bb global_colors_info=\u00bb{}\u00bb][et_pb_column type=\u00bb4_4&#8243; _builder_version=\u00bb4.16&#8243; global_colors_info=\u00bb{}\u00bb][et_pb_text _builder_version=\u00bb4.16&#8243; header_text_align=\u00bbcenter\u00bb header_text_color=\u00bb#f5ae94&#8243; global_colors_info=\u00bb{}\u00bb]<\/p>\n<h1 style=\"text-align: center;\">\u00a0 \u00a0Horarios y tarifas<\/h1>\n<h1><\/h1>\n<p>[\/et_pb_text][\/et_pb_column][\/et_pb_row][et_pb_row column_structure=\u00bb2_3,1_3&#8243; _builder_version=\u00bb4.16&#8243; global_colors_info=\u00bb{}\u00bb][et_pb_column type=\u00bb2_3&#8243; _builder_version=\u00bb4.16&#8243; global_colors_info=\u00bb{}\u00bb][et_pb_image src=\u00bbhttps:\/\/cajadeacuarelas.com\/wp-content\/uploads\/2023\/03\/Horario-clases-Raquel-14.jpg\u00bb alt=\u00bbHorario clases Raquel Flores\u00bb title_text=\u00bbHorario clases Raquel (14)\u00bb show_in_lightbox=\u00bbon\u00bb _builder_version=\u00bb4.19.4&#8243; width_tablet=\u00bb100%\u00bb width_last_edited=\u00bboff|desktop\u00bb module_alignment=\u00bbcenter\u00bb hover_enabled=\u00bb0&#8243; global_colors_info=\u00bb{}\u00bb sticky_enabled=\u00bb0&#8243;][\/et_pb_image][\/et_pb_column][et_pb_column type=\u00bb1_3&#8243; _builder_version=\u00bb4.16&#8243; global_colors_info=\u00bb{}\u00bb][et_pb_text ul_type=\u00bbnone\u00bb module_class=\u00bbmarker-pink\u00bb _builder_version=\u00bb4.19.4&#8243; ul_letter_spacing=\u00bb0.5px\u00bb hover_enabled=\u00bb0&#8243; global_colors_info=\u00bb{}\u00bb sticky_enabled=\u00bb0&#8243;]<\/p>\n<p><strong>LUGAR DE PRACTICA:<\/strong><\/p>\n<p><strong><\/strong><\/p>\n<ul>\n<li>Fundaci\u00f3n SALES<br \/>Av\/ Europa 52, Vigo<\/li>\n<li>L. Mar\u00edtimo BOUZAS -oct a mayo-<br \/>R\u00faa Eduardo Cabello, 8, Vigo<\/li>\n<\/ul>\n<p>[\/et_pb_text][et_pb_text ul_type=\u00bbnone\u00bb module_class=\u00bbmarker-yellow\u00bb _builder_version=\u00bb4.19.4&#8243; ul_letter_spacing=\u00bb0.5px\u00bb custom_padding=\u00bb||50px|0px|false|false\u00bb custom_padding_tablet=\u00bb||40px||false|false\u00bb custom_padding_phone=\u00bb||30px||false|false\u00bb custom_padding_last_edited=\u00bbon|phone\u00bb hover_enabled=\u00bb0&#8243; global_colors_info=\u00bb{}\u00bb sticky_enabled=\u00bb0&#8243;]<\/p>\n<ul>\n<li>Centro CYGOM<br \/>Calle Urzaiz, 13, 2 piso, Vigo<\/li>\n<\/ul>\n<p>[\/et_pb_text][et_pb_text _builder_version=\u00bb4.16&#8243; text_letter_spacing=\u00bb0.5px\u00bb global_colors_info=\u00bb{}\u00bb]<\/p>\n<p><strong>TARIFAS\u00a0<\/strong><br \/>45 \u20ac\/ Tarifa mensual 1 clase.<\/p>\n<p>60\u20ac\/Tarifa todo yoga y mindfulness<\/p>\n<p><span style=\"font-size: 17px;\">40\u20ac\/Tarifa solo Mindfulness mensual.\u00a0<\/span><\/p>\n<p><span style=\"font-size: 17px;\">14 \u20ac\/Clase suelta<\/span><\/p>\n<p>[\/et_pb_text][\/et_pb_column][\/et_pb_row][et_pb_row _builder_version=\u00bb4.16&#8243; global_colors_info=\u00bb{}\u00bb][et_pb_column type=\u00bb4_4&#8243; _builder_version=\u00bb4.16&#8243; global_colors_info=\u00bb{}\u00bb][et_pb_divider divider_weight=\u00bb85px\u00bb _builder_version=\u00bb4.16&#8243; width=\u00bb1px\u00bb module_alignment=\u00bbcenter\u00bb height=\u00bb85px\u00bb global_colors_info=\u00bb{}\u00bb][\/et_pb_divider][\/et_pb_column][\/et_pb_row][et_pb_row _builder_version=\u00bb4.16&#8243; global_colors_info=\u00bb{}\u00bb][et_pb_column type=\u00bb4_4&#8243; _builder_version=\u00bb4.16&#8243; global_colors_info=\u00bb{}\u00bb][et_pb_button button_url=\u00bbhttps:\/\/cajadeacuarelas.com\/contacto\/\u00bb button_text=\u00bb\u00a1Ap\u00fantate!\u00bb _builder_version=\u00bb4.16&#8243; custom_button=\u00bbon\u00bb button_text_size=\u00bb17&#8243; global_colors_info=\u00bb{}\u00bb][\/et_pb_button][\/et_pb_column][\/et_pb_row][et_pb_row _builder_version=\u00bb4.16&#8243; custom_padding=\u00bb||23px|||\u00bb global_colors_info=\u00bb{}\u00bb][et_pb_column type=\u00bb4_4&#8243; _builder_version=\u00bb4.16&#8243; global_colors_info=\u00bb{}\u00bb][et_pb_text _builder_version=\u00bb4.16&#8243; header_2_text_align=\u00bbcenter\u00bb header_2_text_color=\u00bb#f5ae94&#8243; header_2_letter_spacing=\u00bb4px\u00bb global_colors_info=\u00bb{}\u00bb]<\/p>\n<h2>Sesi\u00f3n individual<\/h2>\n<p>[\/et_pb_text][\/et_pb_column][\/et_pb_row][et_pb_row column_structure=\u00bb3_5,2_5&#8243; _builder_version=\u00bb4.16&#8243; global_colors_info=\u00bb{}\u00bb][et_pb_column type=\u00bb3_5&#8243; _builder_version=\u00bb4.16&#8243; global_colors_info=\u00bb{}\u00bb][et_pb_image src=\u00bbhttps:\/\/cajadeacuarelas.com\/wp-content\/uploads\/2020\/01\/raquel-flores-mindfulness-activo-clase-9.jpg\u00bb alt=\u00bbSesi\u00f3n individual mindfulness activo con Raquel Flores\u00bb _builder_version=\u00bb4.16&#8243; global_colors_info=\u00bb{}\u00bb][\/et_pb_image][\/et_pb_column][et_pb_column type=\u00bb2_5&#8243; _builder_version=\u00bb4.16&#8243; global_colors_info=\u00bb{}\u00bb][et_pb_text _builder_version=\u00bb4.16&#8243; text_letter_spacing=\u00bb0.5px\u00bb global_colors_info=\u00bb{}\u00bb]Si deseas tener una atenci\u00f3n personalizada y disfrutar de un seguimiento m\u00e1s cercano, esta modalidad es para ti. En una sesi\u00f3n inicial, estudiaremos conjuntamente cu\u00e1l es la pr\u00e1ctica de yoga o\/y mindfulness que mejor se ajusta tus necesidades y momento vital en el que te encuentres. Marcaremos objetivos realistas a alcanzar y trazaremos un plan de sesiones para conseguirlos.[\/et_pb_text][\/et_pb_column][\/et_pb_row][et_pb_row _builder_version=\u00bb4.16&#8243; global_colors_info=\u00bb{}\u00bb][et_pb_column type=\u00bb4_4&#8243; _builder_version=\u00bb4.16&#8243; global_colors_info=\u00bb{}\u00bb][et_pb_text _builder_version=\u00bb4.16&#8243; global_colors_info=\u00bb{}\u00bb]<\/p>\n<h3>Para qui\u00e9n y d\u00f3nde<\/h3>\n<p>Estas sesiones est\u00e1n dirigidas a todas las personas con o sin experiencia en yoga y\/o meditaci\u00f3n, que por horarios, viajes frecuentes o porque est\u00e9n pasando por alguna enfermedad o situaci\u00f3n dif\u00edcil, necesitan una atenci\u00f3n personalizada.<\/p>\n<p>Las sesiones podr\u00e1n llevarse a cabo en las salas donde imparto clases o en tu domicilio. Su duraci\u00f3n es de 60 minutos y se recomienda un m\u00ednimo de cuatro clases. Consultar precios.<\/p>\n<p>[\/et_pb_text][et_pb_divider divider_weight=\u00bb85px\u00bb _builder_version=\u00bb4.16&#8243; width=\u00bb1px\u00bb module_alignment=\u00bbcenter\u00bb height=\u00bb85px\u00bb global_colors_info=\u00bb{}\u00bb][\/et_pb_divider][\/et_pb_column][\/et_pb_row][et_pb_row _builder_version=\u00bb4.16&#8243; global_colors_info=\u00bb{}\u00bb][et_pb_column type=\u00bb4_4&#8243; _builder_version=\u00bb4.16&#8243; global_colors_info=\u00bb{}\u00bb][et_pb_text _builder_version=\u00bb4.16&#8243; text_font=\u00bb|||on|||||\u00bb text_letter_spacing=\u00bb2px\u00bb text_orientation=\u00bbcenter\u00bb max_width=\u00bb64%\u00bb max_width_tablet=\u00bb90%\u00bb max_width_phone=\u00bb100%\u00bb max_width_last_edited=\u00bbon|phone\u00bb module_alignment=\u00bbcenter\u00bb custom_margin=\u00bb||5px||false|false\u00bb global_colors_info=\u00bb{}\u00bb]<\/p>\n<p>\u00a1Me interesa!<\/p>\n<p>[\/et_pb_text][et_pb_button button_url=\u00bbhttps:\/\/cajadeacuarelas.com\/contacto\/\u00bb button_text=\u00bbQuiero practicar contigo\u00bb _builder_version=\u00bb4.16&#8243; custom_button=\u00bbon\u00bb button_text_size=\u00bb17&#8243; global_colors_info=\u00bb{}\u00bb][\/et_pb_button][\/et_pb_column][\/et_pb_row][\/et_pb_section]<\/p>\n<span class=\"et_bloom_bottom_trigger\"><\/span>","protected":false},"excerpt":{"rendered":"<p>\u00a0 \u00a0Horarios y tarifas LUGAR DE PRACTICA: Fundaci\u00f3n SALESAv\/ Europa 52, Vigo L. Mar\u00edtimo BOUZAS -oct a mayo-R\u00faa Eduardo Cabello, 8, Vigo Centro CYGOMCalle Urzaiz, 13, 2 piso, Vigo TARIFAS\u00a045 \u20ac\/ Tarifa mensual 1 clase. 60\u20ac\/Tarifa todo yoga y mindfulness 40\u20ac\/Tarifa solo Mindfulness mensual.\u00a0 14 \u20ac\/Clase sueltaSesi\u00f3n individualSi deseas tener una atenci\u00f3n personalizada y disfrutar [&hellip;]<\/p>\n","protected":false},"author":1,"featured_media":0,"parent":0,"menu_order":0,"comment_status":"closed","ping_status":"closed","template":"","meta":{"_et_pb_use_builder":"on","_et_pb_old_content":"","_et_gb_content_width":"","_joinchat":[],"footnotes":""},"class_list":["post-214","page","type-page","status-publish","hentry"],"yoast_head":"<!-- This site is optimized with the Yoast SEO plugin v27.0 - https:\/\/yoast.com\/product\/yoast-seo-wordpress\/ -->\n<title>Horario de Clases de Mindfulness y Yoga &#8226; Raquel Flores<\/title>\n<meta name=\"description\" content=\"Encuentra los horarios de las clases de Mindfulness y Yoga que imparto en dos centros de Vigo; as\u00ed como su precio. Tambi\u00e9n contamos con sesiones individuales\" \/>\n<meta name=\"robots\" content=\"index, follow, max-snippet:-1, max-image-preview:large, max-video-preview:-1\" \/>\n<link rel=\"canonical\" href=\"https:\/\/cajadeacuarelas.com\/?page_id=214\" \/>\n<meta property=\"og:locale\" content=\"es_ES\" \/>\n<meta property=\"og:type\" content=\"article\" \/>\n<meta property=\"og:title\" content=\"Horario de Clases de Mindfulness y Yoga &#8226; Raquel Flores\" \/>\n<meta property=\"og:description\" content=\"Encuentra los horarios de las clases de Mindfulness y Yoga que imparto en dos centros de Vigo; as\u00ed como su precio. Tambi\u00e9n contamos con sesiones individuales\" \/>\n<meta property=\"og:url\" content=\"https:\/\/cajadeacuarelas.com\/?page_id=214\" \/>\n<meta property=\"og:site_name\" content=\"Raquel Flores\" \/>\n<meta property=\"article:publisher\" content=\"https:\/\/www.facebook.com\/raquelmindfulyoga\" \/>\n<meta property=\"article:modified_time\" content=\"2023-03-08T13:30:34+00:00\" \/>\n<meta name=\"twitter:card\" content=\"summary_large_image\" \/>\n<meta name=\"twitter:label1\" content=\"Tiempo de lectura\" \/>\n\t<meta name=\"twitter:data1\" content=\"4 minutos\" \/>\n<script type=\"application\/ld+json\" class=\"yoast-schema-graph\">{\"@context\":\"https:\/\/schema.org\",\"@graph\":[{\"@type\":\"WebPage\",\"@id\":\"https:\/\/cajadeacuarelas.com\/?page_id=214\",\"url\":\"https:\/\/cajadeacuarelas.com\/?page_id=214\",\"name\":\"Horario de Clases de Mindfulness y Yoga &#8226; Raquel Flores\",\"isPartOf\":{\"@id\":\"https:\/\/cajadeacuarelas.com\/#website\"},\"datePublished\":\"2020-01-27T17:14:03+00:00\",\"dateModified\":\"2023-03-08T13:30:34+00:00\",\"description\":\"Encuentra los horarios de las clases de Mindfulness y Yoga que imparto en dos centros de Vigo; as\u00ed como su precio. Tambi\u00e9n contamos con sesiones individuales\",\"breadcrumb\":{\"@id\":\"https:\/\/cajadeacuarelas.com\/?page_id=214#breadcrumb\"},\"inLanguage\":\"es\",\"potentialAction\":[{\"@type\":\"ReadAction\",\"target\":[\"https:\/\/cajadeacuarelas.com\/?page_id=214\"]}]},{\"@type\":\"BreadcrumbList\",\"@id\":\"https:\/\/cajadeacuarelas.com\/?page_id=214#breadcrumb\",\"itemListElement\":[{\"@type\":\"ListItem\",\"position\":1,\"name\":\"Portada\",\"item\":\"https:\/\/cajadeacuarelas.com\/\"},{\"@type\":\"ListItem\",\"position\":2,\"name\":\"Clases\"}]},{\"@type\":\"WebSite\",\"@id\":\"https:\/\/cajadeacuarelas.com\/#website\",\"url\":\"https:\/\/cajadeacuarelas.com\/\",\"name\":\"Raquel Flores\",\"description\":\"Mindfulness y Yoga\",\"publisher\":{\"@id\":\"https:\/\/cajadeacuarelas.com\/#organization\"},\"potentialAction\":[{\"@type\":\"SearchAction\",\"target\":{\"@type\":\"EntryPoint\",\"urlTemplate\":\"https:\/\/cajadeacuarelas.com\/?s={search_term_string}\"},\"query-input\":{\"@type\":\"PropertyValueSpecification\",\"valueRequired\":true,\"valueName\":\"search_term_string\"}}],\"inLanguage\":\"es\"},{\"@type\":\"Organization\",\"@id\":\"https:\/\/cajadeacuarelas.com\/#organization\",\"name\":\"Raquel Flores\",\"url\":\"https:\/\/cajadeacuarelas.com\/\",\"logo\":{\"@type\":\"ImageObject\",\"inLanguage\":\"es\",\"@id\":\"https:\/\/cajadeacuarelas.com\/#\/schema\/logo\/image\/\",\"url\":\"https:\/\/cajadeacuarelas.com\/wp-content\/uploads\/2020\/01\/raquelflores-logotipoisotipo.png\",\"contentUrl\":\"https:\/\/cajadeacuarelas.com\/wp-content\/uploads\/2020\/01\/raquelflores-logotipoisotipo.png\",\"width\":270,\"height\":270,\"caption\":\"Raquel Flores\"},\"image\":{\"@id\":\"https:\/\/cajadeacuarelas.com\/#\/schema\/logo\/image\/\"},\"sameAs\":[\"https:\/\/www.facebook.com\/raquelmindfulyoga\",\"https:\/\/www.instagram.com\/raquelmindfulyoga\/\"]}]}<\/script>\n<!-- \/ Yoast SEO plugin. -->","yoast_head_json":{"title":"Horario de Clases de Mindfulness y Yoga &#8226; Raquel Flores","description":"Encuentra los horarios de las clases de Mindfulness y Yoga que imparto en dos centros de Vigo; as\u00ed como su precio. Tambi\u00e9n contamos con sesiones individuales","robots":{"index":"index","follow":"follow","max-snippet":"max-snippet:-1","max-image-preview":"max-image-preview:large","max-video-preview":"max-video-preview:-1"},"canonical":"https:\/\/cajadeacuarelas.com\/?page_id=214","og_locale":"es_ES","og_type":"article","og_title":"Horario de Clases de Mindfulness y Yoga &#8226; Raquel Flores","og_description":"Encuentra los horarios de las clases de Mindfulness y Yoga que imparto en dos centros de Vigo; as\u00ed como su precio. Tambi\u00e9n contamos con sesiones individuales","og_url":"https:\/\/cajadeacuarelas.com\/?page_id=214","og_site_name":"Raquel Flores","article_publisher":"https:\/\/www.facebook.com\/raquelmindfulyoga","article_modified_time":"2023-03-08T13:30:34+00:00","twitter_card":"summary_large_image","twitter_misc":{"Tiempo de lectura":"4 minutos"},"schema":{"@context":"https:\/\/schema.org","@graph":[{"@type":"WebPage","@id":"https:\/\/cajadeacuarelas.com\/?page_id=214","url":"https:\/\/cajadeacuarelas.com\/?page_id=214","name":"Horario de Clases de Mindfulness y Yoga &#8226; Raquel Flores","isPartOf":{"@id":"https:\/\/cajadeacuarelas.com\/#website"},"datePublished":"2020-01-27T17:14:03+00:00","dateModified":"2023-03-08T13:30:34+00:00","description":"Encuentra los horarios de las clases de Mindfulness y Yoga que imparto en dos centros de Vigo; as\u00ed como su precio. Tambi\u00e9n contamos con sesiones individuales","breadcrumb":{"@id":"https:\/\/cajadeacuarelas.com\/?page_id=214#breadcrumb"},"inLanguage":"es","potentialAction":[{"@type":"ReadAction","target":["https:\/\/cajadeacuarelas.com\/?page_id=214"]}]},{"@type":"BreadcrumbList","@id":"https:\/\/cajadeacuarelas.com\/?page_id=214#breadcrumb","itemListElement":[{"@type":"ListItem","position":1,"name":"Portada","item":"https:\/\/cajadeacuarelas.com\/"},{"@type":"ListItem","position":2,"name":"Clases"}]},{"@type":"WebSite","@id":"https:\/\/cajadeacuarelas.com\/#website","url":"https:\/\/cajadeacuarelas.com\/","name":"Raquel Flores","description":"Mindfulness y Yoga","publisher":{"@id":"https:\/\/cajadeacuarelas.com\/#organization"},"potentialAction":[{"@type":"SearchAction","target":{"@type":"EntryPoint","urlTemplate":"https:\/\/cajadeacuarelas.com\/?s={search_term_string}"},"query-input":{"@type":"PropertyValueSpecification","valueRequired":true,"valueName":"search_term_string"}}],"inLanguage":"es"},{"@type":"Organization","@id":"https:\/\/cajadeacuarelas.com\/#organization","name":"Raquel Flores","url":"https:\/\/cajadeacuarelas.com\/","logo":{"@type":"ImageObject","inLanguage":"es","@id":"https:\/\/cajadeacuarelas.com\/#\/schema\/logo\/image\/","url":"https:\/\/cajadeacuarelas.com\/wp-content\/uploads\/2020\/01\/raquelflores-logotipoisotipo.png","contentUrl":"https:\/\/cajadeacuarelas.com\/wp-content\/uploads\/2020\/01\/raquelflores-logotipoisotipo.png","width":270,"height":270,"caption":"Raquel Flores"},"image":{"@id":"https:\/\/cajadeacuarelas.com\/#\/schema\/logo\/image\/"},"sameAs":["https:\/\/www.facebook.com\/raquelmindfulyoga","https:\/\/www.instagram.com\/raquelmindfulyoga\/"]}]}},"_links":{"self":[{"href":"https:\/\/cajadeacuarelas.com\/index.php?rest_route=\/wp\/v2\/pages\/214","targetHints":{"allow":["GET"]}}],"collection":[{"href":"https:\/\/cajadeacuarelas.com\/index.php?rest_route=\/wp\/v2\/pages"}],"about":[{"href":"https:\/\/cajadeacuarelas.com\/index.php?rest_route=\/wp\/v2\/types\/page"}],"author":[{"embeddable":true,"href":"https:\/\/cajadeacuarelas.com\/index.php?rest_route=\/wp\/v2\/users\/1"}],"replies":[{"embeddable":true,"href":"https:\/\/cajadeacuarelas.com\/index.php?rest_route=%2Fwp%2Fv2%2Fcomments&post=214"}],"version-history":[{"count":48,"href":"https:\/\/cajadeacuarelas.com\/index.php?rest_route=\/wp\/v2\/pages\/214\/revisions"}],"predecessor-version":[{"id":1411,"href":"https:\/\/cajadeacuarelas.com\/index.php?rest_route=\/wp\/v2\/pages\/214\/revisions\/1411"}],"wp:attachment":[{"href":"https:\/\/cajadeacuarelas.com\/index.php?rest_route=%2Fwp%2Fv2%2Fmedia&parent=214"}],"curies":[{"name":"wp","href":"https:\/\/api.w.org\/{rel}","templated":true}]}}