{"id":143,"date":"2020-01-27T15:54:27","date_gmt":"2020-01-27T15:54:27","guid":{"rendered":"https:\/\/cajadeacuarelas.com\/?page_id=143"},"modified":"2020-02-12T15:00:05","modified_gmt":"2020-02-12T15:00:05","slug":"sobre-mi","status":"publish","type":"page","link":"https:\/\/cajadeacuarelas.com\/?page_id=143","title":{"rendered":"Sobre m\u00ed"},"content":{"rendered":"<p>[et_pb_section fb_built=\u00bb1&#8243; fullwidth=\u00bbon\u00bb custom_padding_last_edited=\u00bbon|tablet\u00bb _builder_version=\u00bb4.2.2&#8243; custom_padding=\u00bb54px||||false|false\u00bb custom_padding_tablet=\u00bb0px||||false|false\u00bb custom_padding_phone=\u00bb\u00bb][et_pb_fullwidth_image src=\u00bbhttps:\/\/cajadeacuarelas.com\/wp-content\/uploads\/2020\/01\/raquel-flores-mindfulness-activo-5.jpg\u00bb alt=\u00bbRaquel Flores Mindfulness Activo\u00bb _builder_version=\u00bb4.2.2&#8243;][\/et_pb_fullwidth_image][\/et_pb_section][et_pb_section fb_built=\u00bb1&#8243; _builder_version=\u00bb4.2.2&#8243; custom_padding=\u00bb||90px||false|false\u00bb][et_pb_row _builder_version=\u00bb4.2.2&#8243;][et_pb_column type=\u00bb4_4&#8243; _builder_version=\u00bb4.2.2&#8243;][et_pb_text _builder_version=\u00bb4.2.2&#8243; header_text_align=\u00bbcenter\u00bb header_text_color=\u00bb#f5ae94&#8243; header_letter_spacing=\u00bb6px\u00bb]<\/p>\n<h1>Hola, soy Raquel<\/h1>\n<p>[\/et_pb_text][et_pb_text _builder_version=\u00bb4.2.2&#8243; text_letter_spacing=\u00bb0.5px\u00bb text_orientation=\u00bbcenter\u00bb max_width=\u00bb64%\u00bb max_width_tablet=\u00bb90%\u00bb max_width_phone=\u00bb100%\u00bb max_width_last_edited=\u00bbon|phone\u00bb module_alignment=\u00bbcenter\u00bb]<\/p>\n<p>Profesora del programa de Reducci\u00f3n de Estr\u00e9s basado en Mindfulness (MBSR) por la Universidad de Massachusetts y Brown. Adem\u00e1s, soy profesora de yoga, formada en distintos m\u00e9todos y he participado en numerosas formaciones de kundalini, hatha y m\u00e9todo Iyengar.<\/p>\n<p>[\/et_pb_text][et_pb_divider divider_weight=\u00bb85px\u00bb _builder_version=\u00bb4.2.2&#8243; width=\u00bb1px\u00bb module_alignment=\u00bbcenter\u00bb height=\u00bb85px\u00bb][\/et_pb_divider][et_pb_text _builder_version=\u00bb4.2.2&#8243; text_font=\u00bbTaviraj||||||||\u00bb text_text_color=\u00bb#f5ae94&#8243; text_font_size=\u00bb18px\u00bb text_letter_spacing=\u00bb3px\u00bb text_orientation=\u00bbcenter\u00bb]<\/p>\n<p>Aprender, observar-me, estar en contacto con la naturaleza, el silencio y mantener una pr\u00e1ctica continua, me ayudan a avanzar y crecer. Mi desaf\u00edo, es transmitir y llevar a m\u00ed d\u00eda a d\u00eda todo lo que aprendo.<\/p>\n<p>Doy gracias de poder compartir y aprender junto a todas las personas que se cruzan en mi vida.<\/p>\n<p>[\/et_pb_text][\/et_pb_column][\/et_pb_row][\/et_pb_section][et_pb_section fb_built=\u00bb1&#8243; _builder_version=\u00bb4.2.2&#8243; background_color=\u00bb#f5ae94&#8243; custom_padding=\u00bb0px||0px||true|false\u00bb][et_pb_row column_structure=\u00bb3_5,2_5&#8243; _builder_version=\u00bb4.2.2&#8243; background_color=\u00bb#f5ae94&#8243; custom_margin=\u00bb0px||0px||true|false\u00bb custom_padding=\u00bb20px||15px||false|false\u00bb][et_pb_column type=\u00bb3_5&#8243; _builder_version=\u00bb4.2.2&#8243;][\/et_pb_column][et_pb_column type=\u00bb2_5&#8243; _builder_version=\u00bb4.2.2&#8243;][et_pb_text _builder_version=\u00bb4.2.2&#8243; header_2_font=\u00bb|600|||||||\u00bb header_2_text_color=\u00bb#ffffff\u00bb header_2_letter_spacing=\u00bb4px\u00bb header_2_line_height=\u00bb1.1em\u00bb custom_margin=\u00bb0px||0px||true|false\u00bb custom_padding=\u00bb0px||0px||true|false\u00bb custom_css_main_element=\u00bbfont-weight:semibold !important;\u00bb]<\/p>\n<h2>Mi historia.<\/h2>\n<p>[\/et_pb_text][\/et_pb_column][\/et_pb_row][\/et_pb_section][et_pb_section fb_built=\u00bb1&#8243; _builder_version=\u00bb4.2.2&#8243; custom_padding=\u00bb20px||||false|false\u00bb][et_pb_row column_structure=\u00bb3_5,2_5&#8243; _builder_version=\u00bb4.2.2&#8243;][et_pb_column type=\u00bb3_5&#8243; _builder_version=\u00bb4.2.2&#8243;][et_pb_image src=\u00bbhttps:\/\/cajadeacuarelas.com\/wp-content\/uploads\/2020\/01\/raquel-flores-mindfulness-activo-6.jpg\u00bb alt=\u00bbRaquel Flores Mindfulness activo\u00bb _builder_version=\u00bb4.2.2&#8243; custom_margin=\u00bb-160px||||false|false\u00bb custom_margin_tablet=\u00bb0px||||false|false\u00bb custom_margin_phone=\u00bb\u00bb custom_margin_last_edited=\u00bbon|tablet\u00bb][\/et_pb_image][\/et_pb_column][et_pb_column type=\u00bb2_5&#8243; _builder_version=\u00bb4.2.2&#8243;][et_pb_text _builder_version=\u00bb4.2.2&#8243; text_letter_spacing=\u00bb0.5px\u00bb]Estudi\u00e9 Ciencias Pol\u00edticas y trabaj\u00e9 durante a\u00f1os en Cooperaci\u00f3n al Desarrollo. Viv\u00ed en B\u00e9lgica, Croacia y Bosnia. Posteriormente en Madrid, fu\u00ed directora de proyecto de la ONGD IPADE. Durante esos a\u00f1os, viaj\u00e9 mucho y tuve la suerte de conocer culturas, gentes y formas de vivir diferentes, lo que ampli\u00f3 mi visi\u00f3n y entendimiento de las personas y de la vida.[\/et_pb_text][\/et_pb_column][\/et_pb_row][et_pb_row _builder_version=\u00bb4.2.2&#8243;][et_pb_column type=\u00bb4_4&#8243; _builder_version=\u00bb4.2.2&#8243;][et_pb_text _builder_version=\u00bb4.2.2&#8243; text_letter_spacing=\u00bb0.5px\u00bb]<\/p>\n<p><strong>El yoga y la meditaci\u00f3n, siempre me han acompa\u00f1ado<\/strong> , siendo herramientas fundamentales en mi crecimiento y desarrollo personal. Me he formado en diversos m\u00e9todos de yoga y meditaci\u00f3n, he participado en numerosos cursos y retiros y he ido poco a poco a poco, consolidando mi pr\u00e1ctica diaria.<\/p>\n<p>Lo que comenz\u00f3 siendo un hobby se convirti\u00f3 en una pasi\u00f3n que quer\u00eda compartir; hace unos a\u00f1os, la vida me dio la oportunidad de elegir entre ambos caminos. Paso a paso y venciendo miedos y dudas, me decid\u00ed a emprender este viaje.<\/p>\n<p><strong>Entiendo el mindfulness como una actitud y forma de ser que impregna todos los \u00e1mbitos de la vida<\/strong>. Me esfuerzo para practicarlo en integrarlo en mi d\u00eda a d\u00eda. Cuando ponemos atenci\u00f3n plena en lo que hacemos, pensamos o hablamos, extraemos una informaci\u00f3n muy valiosa de nosotros mismo que nos ayuda a superarnos y mejorar d\u00eda a d\u00eda.<\/p>\n<p>[\/et_pb_text][\/et_pb_column][\/et_pb_row][\/et_pb_section][et_pb_section fb_built=\u00bb1&#8243; _builder_version=\u00bb4.2.2&#8243; background_color=\u00bb#f5ae94&#8243; custom_padding=\u00bb0px||0px||true|false\u00bb][et_pb_row _builder_version=\u00bb4.2.2&#8243; background_color=\u00bb#f5ae94&#8243; custom_margin=\u00bb0px||0px||true|false\u00bb custom_padding=\u00bb20px||15px||false|false\u00bb][et_pb_column type=\u00bb4_4&#8243; _builder_version=\u00bb4.2.2&#8243;][et_pb_text _builder_version=\u00bb4.2.2&#8243; header_text_align=\u00bbcenter\u00bb header_2_font=\u00bb|600|||||||\u00bb header_2_text_align=\u00bbcenter\u00bb header_2_text_color=\u00bb#ffffff\u00bb header_2_letter_spacing=\u00bb4px\u00bb header_2_line_height=\u00bb1.1em\u00bb custom_margin=\u00bb0px||0px||true|false\u00bb custom_padding=\u00bb0px||0px||true|false\u00bb custom_css_main_element=\u00bbfont-weight:semibold !important;\u00bb]<\/p>\n<h2>Lo que me mueve e inspira<\/h2>\n<p>[\/et_pb_text][\/et_pb_column][\/et_pb_row][\/et_pb_section][et_pb_section fb_built=\u00bb1&#8243; _builder_version=\u00bb4.2.2&#8243;][et_pb_row column_structure=\u00bb1_2,1_2&#8243; _builder_version=\u00bb4.2.2&#8243;][et_pb_column type=\u00bb1_2&#8243; disabled_on=\u00bbon|on|off\u00bb _builder_version=\u00bb4.2.2&#8243;][et_pb_text _builder_version=\u00bb4.2.2&#8243; text_letter_spacing=\u00bb0.5px\u00bb header_3_font=\u00bb|600|||||||\u00bb header_3_text_color=\u00bb#f5ae94&#8243; header_3_letter_spacing=\u00bb5px\u00bb]<\/p>\n<h3>Honestidad<\/h3>\n<p>La formaci\u00f3n y pr\u00e1ctica constante; la pasi\u00f3n por el mindfulness y el yoga; la decisi\u00f3n de vivir de manera coherente con lo que practico, hacen que imparta estas t\u00e9cnicas con rigor y naturalidad. Quiero compartir contigo herramientas que puedan ayudarte a mejorar tu d\u00eda a d\u00eda.<\/p>\n<p>[\/et_pb_text][\/et_pb_column][et_pb_column type=\u00bb1_2&#8243; _builder_version=\u00bb4.2.2&#8243;][et_pb_text _builder_version=\u00bb4.2.2&#8243; text_letter_spacing=\u00bb0.5px\u00bb header_3_font=\u00bb|600|||||||\u00bb header_3_text_color=\u00bb#f5ae94&#8243; header_3_letter_spacing=\u00bb5px\u00bb]<\/p>\n<h3>Naturaleza<\/h3>\n<p>Somos parte de la naturaleza y cuando nos rodeamos de ella de forma consciente, nos conectamos y acercamos a nuestra versi\u00f3n m\u00e1s aut\u00e9ntica y libre. Por eso, intento que est\u00e9 presente en mi vida, en mis clases y en las experiencias que compartiremos. \u00a1Es incre\u00edble el poder sanador y de conexi\u00f3n con ella!<\/p>\n<p>[\/et_pb_text][\/et_pb_column][\/et_pb_row][et_pb_row column_structure=\u00bb1_2,1_2&#8243; _builder_version=\u00bb4.2.2&#8243;][et_pb_column type=\u00bb1_2&#8243; _builder_version=\u00bb4.2.2&#8243;][et_pb_text _builder_version=\u00bb4.2.2&#8243; text_letter_spacing=\u00bb0.5px\u00bb header_3_font=\u00bb|600|||||||\u00bb header_3_text_color=\u00bb#f5ae94&#8243; header_3_letter_spacing=\u00bb5px\u00bb]<\/p>\n<h3>Autoconocimiento<\/h3>\n<p>Si trabajamos en conocernos y entendernos, podremos aceptar, mejorar y transformar lo que nos hace sufrir o no nos gusta. Seremos capaces de vencer miedos y mostrar una mejor versi\u00f3n de nosotros mismos. Pero solo con tiempo, trabajo y rutina, podemos conseguirlo.<\/p>\n<p>[\/et_pb_text][\/et_pb_column][et_pb_column type=\u00bb1_2&#8243; disabled_on=\u00bbon|on|off\u00bb _builder_version=\u00bb4.2.2&#8243;][et_pb_text _builder_version=\u00bb4.2.2&#8243; text_letter_spacing=\u00bb0.5px\u00bb header_3_font=\u00bb|600|||||||\u00bb header_3_text_color=\u00bb#f5ae94&#8243; header_3_letter_spacing=\u00bb5px\u00bb]<\/p>\n<h3>Aprendizaje Experiencial<\/h3>\n<p>No te dir\u00e9 que el camino ser\u00e1 f\u00e1cil y m\u00e1gico. No voy a asegurarte que estas herramientas sean para ti. No voy a darte consejos, ni decirte lo que deber\u00eda de ser o hacer. Quiero que tu seas la persona protagonista de tu historia. Que pruebes, experimentes, explores, te escuches y si sientes que no es para ti, busques otros caminos.<\/p>\n<p>[\/et_pb_text][\/et_pb_column][\/et_pb_row][et_pb_row column_structure=\u00bb1_2,1_2&#8243; _builder_version=\u00bb4.2.2&#8243;][et_pb_column type=\u00bb1_2&#8243; _builder_version=\u00bb4.2.2&#8243;][et_pb_text _builder_version=\u00bb4.2.2&#8243; text_letter_spacing=\u00bb0.5px\u00bb header_3_font=\u00bb|600|||||||\u00bb header_3_text_color=\u00bb#f5ae94&#8243; header_3_letter_spacing=\u00bb5px\u00bb]<\/p>\n<h3>Slow<\/h3>\n<p>Vivir el momento, estar aqu\u00ed y ahora. Ser consciente de cada instante; valorar y disfrutar de las peque\u00f1as cosas del d\u00eda a d\u00eda. Tener tiempo para ti y los que te rodean.<\/p>\n<p>[\/et_pb_text][\/et_pb_column][et_pb_column type=\u00bb1_2&#8243; disabled_on=\u00bbon|on|off\u00bb _builder_version=\u00bb4.2.2&#8243;][\/et_pb_column][\/et_pb_row][\/et_pb_section][et_pb_section fb_built=\u00bb1&#8243; fullwidth=\u00bbon\u00bb _builder_version=\u00bb4.2.2&#8243;][et_pb_fullwidth_image src=\u00bbhttps:\/\/cajadeacuarelas.com\/wp-content\/uploads\/2020\/01\/raquel-flores-mindfulness-activo-clase-4.jpg\u00bb alt=\u00bbClases Mindfulness de Raquel Flores\u00bb _builder_version=\u00bb4.3.2&#8243; hover_enabled=\u00bb0&#8243;][\/et_pb_fullwidth_image][\/et_pb_section][et_pb_section fb_built=\u00bb1&#8243; _builder_version=\u00bb4.2.2&#8243; custom_padding=\u00bb||||false|false\u00bb][et_pb_row _builder_version=\u00bb4.2.2&#8243;][et_pb_column type=\u00bb4_4&#8243; _builder_version=\u00bb4.2.2&#8243;][et_pb_divider divider_weight=\u00bb85px\u00bb _builder_version=\u00bb4.2.2&#8243; width=\u00bb1px\u00bb module_alignment=\u00bbcenter\u00bb height=\u00bb85px\u00bb][\/et_pb_divider][\/et_pb_column][\/et_pb_row][et_pb_row _builder_version=\u00bb4.2.2&#8243;][et_pb_column type=\u00bb4_4&#8243; _builder_version=\u00bb4.2.2&#8243;][et_pb_text _builder_version=\u00bb4.2.2&#8243; text_font=\u00bb|||on|||||\u00bb text_letter_spacing=\u00bb2px\u00bb text_orientation=\u00bbcenter\u00bb max_width=\u00bb64%\u00bb max_width_tablet=\u00bb90%\u00bb max_width_phone=\u00bb100%\u00bb max_width_last_edited=\u00bbon|phone\u00bb module_alignment=\u00bbcenter\u00bb custom_margin=\u00bb||5px||false|false\u00bb]<\/p>\n<p>\u00bfQuieres que te ayude a conectar con lo que te inspira?<\/p>\n<p>[\/et_pb_text][et_pb_button button_url=\u00bbhttps:\/\/cajadeacuarelas.com\/contacto\/\u00bb button_text=\u00bb\u00a1Hablamos!\u00bb _builder_version=\u00bb4.2.2&#8243; custom_button=\u00bbon\u00bb button_text_size=\u00bb17&#8243;][\/et_pb_button][\/et_pb_column][\/et_pb_row][\/et_pb_section]<\/p>\n<span class=\"et_bloom_bottom_trigger\"><\/span>","protected":false},"excerpt":{"rendered":"<p>Hola, soy RaquelProfesora del programa de Reducci\u00f3n de Estr\u00e9s basado en Mindfulness (MBSR) por la Universidad de Massachusetts y Brown. Adem\u00e1s, soy profesora de yoga, formada en distintos m\u00e9todos y he participado en numerosas formaciones de kundalini, hatha y m\u00e9todo Iyengar.Aprender, observar-me, estar en contacto con la naturaleza, el silencio y mantener una pr\u00e1ctica continua, [&hellip;]<\/p>\n","protected":false},"author":1,"featured_media":0,"parent":0,"menu_order":0,"comment_status":"closed","ping_status":"closed","template":"","meta":{"_et_pb_use_builder":"on","_et_pb_old_content":"","_et_gb_content_width":"","_joinchat":[],"footnotes":""},"class_list":["post-143","page","type-page","status-publish","hentry"],"yoast_head":"<!-- This site is optimized with the Yoast SEO plugin v27.0 - https:\/\/yoast.com\/product\/yoast-seo-wordpress\/ -->\n<title>Descubre qui\u00e9n es Raquel Flores &#8226; Profesora de Mindfulness y Yoga<\/title>\n<meta name=\"description\" content=\"Descubre un poco m\u00e1s de mi, profesora de Mindfulness y Yoga, especializada en el programa de Reducci\u00f3n de Estr\u00e9s basado en Mindfulness\" \/>\n<meta name=\"robots\" content=\"index, follow, max-snippet:-1, max-image-preview:large, max-video-preview:-1\" \/>\n<link rel=\"canonical\" href=\"https:\/\/cajadeacuarelas.com\/?page_id=143\" \/>\n<meta property=\"og:locale\" content=\"es_ES\" \/>\n<meta property=\"og:type\" content=\"article\" \/>\n<meta property=\"og:title\" content=\"Descubre qui\u00e9n es Raquel Flores &#8226; Profesora de Mindfulness y Yoga\" \/>\n<meta property=\"og:description\" content=\"Descubre un poco m\u00e1s de mi, profesora de Mindfulness y Yoga, especializada en el programa de Reducci\u00f3n de Estr\u00e9s basado en Mindfulness\" \/>\n<meta property=\"og:url\" content=\"https:\/\/cajadeacuarelas.com\/?page_id=143\" \/>\n<meta property=\"og:site_name\" content=\"Raquel Flores\" \/>\n<meta property=\"article:publisher\" content=\"https:\/\/www.facebook.com\/raquelmindfulyoga\" \/>\n<meta property=\"article:modified_time\" content=\"2020-02-12T15:00:05+00:00\" \/>\n<meta name=\"twitter:card\" content=\"summary_large_image\" \/>\n<meta name=\"twitter:label1\" content=\"Tiempo de lectura\" \/>\n\t<meta name=\"twitter:data1\" content=\"8 minutos\" \/>\n<script type=\"application\/ld+json\" class=\"yoast-schema-graph\">{\"@context\":\"https:\/\/schema.org\",\"@graph\":[{\"@type\":\"WebPage\",\"@id\":\"https:\/\/cajadeacuarelas.com\/?page_id=143\",\"url\":\"https:\/\/cajadeacuarelas.com\/?page_id=143\",\"name\":\"Descubre qui\u00e9n es Raquel Flores &#8226; Profesora de Mindfulness y Yoga\",\"isPartOf\":{\"@id\":\"https:\/\/cajadeacuarelas.com\/#website\"},\"datePublished\":\"2020-01-27T15:54:27+00:00\",\"dateModified\":\"2020-02-12T15:00:05+00:00\",\"description\":\"Descubre un poco m\u00e1s de mi, profesora de Mindfulness y Yoga, especializada en el programa de Reducci\u00f3n de Estr\u00e9s basado en Mindfulness\",\"breadcrumb\":{\"@id\":\"https:\/\/cajadeacuarelas.com\/?page_id=143#breadcrumb\"},\"inLanguage\":\"es\",\"potentialAction\":[{\"@type\":\"ReadAction\",\"target\":[\"https:\/\/cajadeacuarelas.com\/?page_id=143\"]}]},{\"@type\":\"BreadcrumbList\",\"@id\":\"https:\/\/cajadeacuarelas.com\/?page_id=143#breadcrumb\",\"itemListElement\":[{\"@type\":\"ListItem\",\"position\":1,\"name\":\"Portada\",\"item\":\"https:\/\/cajadeacuarelas.com\/\"},{\"@type\":\"ListItem\",\"position\":2,\"name\":\"Sobre m\u00ed\"}]},{\"@type\":\"WebSite\",\"@id\":\"https:\/\/cajadeacuarelas.com\/#website\",\"url\":\"https:\/\/cajadeacuarelas.com\/\",\"name\":\"Raquel Flores\",\"description\":\"Mindfulness y Yoga\",\"publisher\":{\"@id\":\"https:\/\/cajadeacuarelas.com\/#organization\"},\"potentialAction\":[{\"@type\":\"SearchAction\",\"target\":{\"@type\":\"EntryPoint\",\"urlTemplate\":\"https:\/\/cajadeacuarelas.com\/?s={search_term_string}\"},\"query-input\":{\"@type\":\"PropertyValueSpecification\",\"valueRequired\":true,\"valueName\":\"search_term_string\"}}],\"inLanguage\":\"es\"},{\"@type\":\"Organization\",\"@id\":\"https:\/\/cajadeacuarelas.com\/#organization\",\"name\":\"Raquel Flores\",\"url\":\"https:\/\/cajadeacuarelas.com\/\",\"logo\":{\"@type\":\"ImageObject\",\"inLanguage\":\"es\",\"@id\":\"https:\/\/cajadeacuarelas.com\/#\/schema\/logo\/image\/\",\"url\":\"https:\/\/cajadeacuarelas.com\/wp-content\/uploads\/2020\/01\/raquelflores-logotipoisotipo.png\",\"contentUrl\":\"https:\/\/cajadeacuarelas.com\/wp-content\/uploads\/2020\/01\/raquelflores-logotipoisotipo.png\",\"width\":270,\"height\":270,\"caption\":\"Raquel Flores\"},\"image\":{\"@id\":\"https:\/\/cajadeacuarelas.com\/#\/schema\/logo\/image\/\"},\"sameAs\":[\"https:\/\/www.facebook.com\/raquelmindfulyoga\",\"https:\/\/www.instagram.com\/raquelmindfulyoga\/\"]}]}<\/script>\n<!-- \/ Yoast SEO plugin. -->","yoast_head_json":{"title":"Descubre qui\u00e9n es Raquel Flores &#8226; Profesora de Mindfulness y Yoga","description":"Descubre un poco m\u00e1s de mi, profesora de Mindfulness y Yoga, especializada en el programa de Reducci\u00f3n de Estr\u00e9s basado en Mindfulness","robots":{"index":"index","follow":"follow","max-snippet":"max-snippet:-1","max-image-preview":"max-image-preview:large","max-video-preview":"max-video-preview:-1"},"canonical":"https:\/\/cajadeacuarelas.com\/?page_id=143","og_locale":"es_ES","og_type":"article","og_title":"Descubre qui\u00e9n es Raquel Flores &#8226; Profesora de Mindfulness y Yoga","og_description":"Descubre un poco m\u00e1s de mi, profesora de Mindfulness y Yoga, especializada en el programa de Reducci\u00f3n de Estr\u00e9s basado en Mindfulness","og_url":"https:\/\/cajadeacuarelas.com\/?page_id=143","og_site_name":"Raquel Flores","article_publisher":"https:\/\/www.facebook.com\/raquelmindfulyoga","article_modified_time":"2020-02-12T15:00:05+00:00","twitter_card":"summary_large_image","twitter_misc":{"Tiempo de lectura":"8 minutos"},"schema":{"@context":"https:\/\/schema.org","@graph":[{"@type":"WebPage","@id":"https:\/\/cajadeacuarelas.com\/?page_id=143","url":"https:\/\/cajadeacuarelas.com\/?page_id=143","name":"Descubre qui\u00e9n es Raquel Flores &#8226; Profesora de Mindfulness y Yoga","isPartOf":{"@id":"https:\/\/cajadeacuarelas.com\/#website"},"datePublished":"2020-01-27T15:54:27+00:00","dateModified":"2020-02-12T15:00:05+00:00","description":"Descubre un poco m\u00e1s de mi, profesora de Mindfulness y Yoga, especializada en el programa de Reducci\u00f3n de Estr\u00e9s basado en Mindfulness","breadcrumb":{"@id":"https:\/\/cajadeacuarelas.com\/?page_id=143#breadcrumb"},"inLanguage":"es","potentialAction":[{"@type":"ReadAction","target":["https:\/\/cajadeacuarelas.com\/?page_id=143"]}]},{"@type":"BreadcrumbList","@id":"https:\/\/cajadeacuarelas.com\/?page_id=143#breadcrumb","itemListElement":[{"@type":"ListItem","position":1,"name":"Portada","item":"https:\/\/cajadeacuarelas.com\/"},{"@type":"ListItem","position":2,"name":"Sobre m\u00ed"}]},{"@type":"WebSite","@id":"https:\/\/cajadeacuarelas.com\/#website","url":"https:\/\/cajadeacuarelas.com\/","name":"Raquel Flores","description":"Mindfulness y Yoga","publisher":{"@id":"https:\/\/cajadeacuarelas.com\/#organization"},"potentialAction":[{"@type":"SearchAction","target":{"@type":"EntryPoint","urlTemplate":"https:\/\/cajadeacuarelas.com\/?s={search_term_string}"},"query-input":{"@type":"PropertyValueSpecification","valueRequired":true,"valueName":"search_term_string"}}],"inLanguage":"es"},{"@type":"Organization","@id":"https:\/\/cajadeacuarelas.com\/#organization","name":"Raquel Flores","url":"https:\/\/cajadeacuarelas.com\/","logo":{"@type":"ImageObject","inLanguage":"es","@id":"https:\/\/cajadeacuarelas.com\/#\/schema\/logo\/image\/","url":"https:\/\/cajadeacuarelas.com\/wp-content\/uploads\/2020\/01\/raquelflores-logotipoisotipo.png","contentUrl":"https:\/\/cajadeacuarelas.com\/wp-content\/uploads\/2020\/01\/raquelflores-logotipoisotipo.png","width":270,"height":270,"caption":"Raquel Flores"},"image":{"@id":"https:\/\/cajadeacuarelas.com\/#\/schema\/logo\/image\/"},"sameAs":["https:\/\/www.facebook.com\/raquelmindfulyoga","https:\/\/www.instagram.com\/raquelmindfulyoga\/"]}]}},"_links":{"self":[{"href":"https:\/\/cajadeacuarelas.com\/index.php?rest_route=\/wp\/v2\/pages\/143","targetHints":{"allow":["GET"]}}],"collection":[{"href":"https:\/\/cajadeacuarelas.com\/index.php?rest_route=\/wp\/v2\/pages"}],"about":[{"href":"https:\/\/cajadeacuarelas.com\/index.php?rest_route=\/wp\/v2\/types\/page"}],"author":[{"embeddable":true,"href":"https:\/\/cajadeacuarelas.com\/index.php?rest_route=\/wp\/v2\/users\/1"}],"replies":[{"embeddable":true,"href":"https:\/\/cajadeacuarelas.com\/index.php?rest_route=%2Fwp%2Fv2%2Fcomments&post=143"}],"version-history":[{"count":15,"href":"https:\/\/cajadeacuarelas.com\/index.php?rest_route=\/wp\/v2\/pages\/143\/revisions"}],"predecessor-version":[{"id":701,"href":"https:\/\/cajadeacuarelas.com\/index.php?rest_route=\/wp\/v2\/pages\/143\/revisions\/701"}],"wp:attachment":[{"href":"https:\/\/cajadeacuarelas.com\/index.php?rest_route=%2Fwp%2Fv2%2Fmedia&parent=143"}],"curies":[{"name":"wp","href":"https:\/\/api.w.org\/{rel}","templated":true}]}}